*n + 125. Let f be s(-38). Calculate the highest common divisor of 13 and f.
13
Let z be ((-935)/88)/((-1)/(-12))*(-52)/5. Calculate the highest common factor of z and 1014.
78
Let k be (-2 + 19235)*(-5)/90*-6. Suppose 23*p = k + 834. Let z = -29 + 74. What is the highest common factor of z and p?
45
Suppose 9*r - 3874 = -4*r. Suppose -3*t = -r - 158. What is the highest common factor of t and 38?
38
Let s(o) = o**2 + 4*o + 9. Let m be s(-9). Suppose -158*f = 58*f - 7776. Calculate the greatest common factor of f and m.
18
Suppose 165*r - 330*r + 151*r = -42714. What is the highest common factor of 243 and r?
27
Suppose 0 = -4*u + 24 - 16. Let t be 5/(-10)*-176 + u/(-2). Calculate the highest common factor of t and 232.
29
Let s be ((-819)/(-364))/(1/552). What is the greatest common factor of 322 and s?
46
Let t = -14 + 25. Let q = -77318 + 77461. Calculate the highest common factor of t and q.
11
Suppose -104*c - 98 = -202. Calculate the greatest common divisor of 188 and c.
1
Suppose -1873 = -4*n - 2*s + 8713, 0 = -4*n + 4*s + 10568. What is the greatest common factor of 230 and n?
115
Suppose 3*c = 4*h - 144, -129 = -3*h - 10*c + 7*c. Suppose 4*y - 173 = 87. What is the greatest common factor of h and y?
13
Suppose 0 = 4*h - 5*c - 55, 4*c + 16 = 4*h - 44. Suppose -f - 24 = -h. Let z be 4/10*(-100)/f. What is the highest common divisor of 50 and z?
10
Suppose 0 = -2*u + 2*y + 114, 0*u = 3*u - 2*y - 172. Let o = 953 + -837. Calculate the greatest common divisor of o and u.
58
Let j(q) = 5*q + 92. Let p be j(-20). Let y be (37/2)/((-2)/p). Suppose -2*c - 74 = -4*c. What is the greatest common factor of y and c?
37
Let p(l) = l**2 - 7*l + 6. Let i be p(7). Suppose 25*h - 429 = 14*h. Suppose -16*q - h = -87. What is the greatest common factor of q and i?
3
Suppose -m + c + 539 = 0, 0 = -5*m + 6*m + 5*c - 527. Let y = m + -56. Calculate the highest common divisor of y and 148.
37
Let q(m) = 284*m**2 + 4*m + 2. Let g be q(-1). Suppose 0 = -3*b + 6*o - 2*o + g, o + 183 = 2*b. Let t = 99 - b. What is the highest common factor of 63 and t?
9
Let f = -11 - -19. Suppose -13 = -u - 5*g, -4*u + 5 + 13 = 3*g. Let y be 75 + 4 + -4 - u. What is the highest common divisor of f and y?
8
Suppose 2156 + 24 = 20*b. What is the highest common divisor of b and 8?
1
Let c be 1 + (-39819)/(-234) + (-76)/24 + 3. Calculate the highest common divisor of c and 703.
19
Let u = 3384 - 3368. What is the highest common divisor of u and 2984?
8
Suppose 22 = 2*n + 3*t + 25, t - 13 = -3*n. Calculate the highest common factor of 2334 and n.
6
Suppose 0 = 4*a - 5*y + 4, -5*a - 38 = -y - 54. Suppose -25*i = -a*i - 2394. What is the greatest common factor of i and 48?
6
Let j be (28/(-105) + 4/(-10))*45. Let v be 2/6 + (-50)/j. Let k(u) = 68*u + 4. Let n be k(v). What is the greatest common factor of n and 35?
35
Suppose 5*l - 177 - 118 = u, 0 = 3*l + 5*u - 205. Suppose -51*w - 162 = -l*w. Calculate the highest common factor of w and 14.
2
Suppose -6 = -3*r + 3, -2*r = -3*b - 6. Suppose b = 3*x + 2*j - 448 - 674, -x + 3*j + 374 = 0. What is the highest common factor of 22 and x?
22
Suppose 3*m = 4*m. Let v = -541 - -549. Suppose m = -3*y + v + 79. What is the highest common divisor of y and 145?
29
Let o be 2/(16/(-24)*(-1 + -2)). Let c(f) = 522*f**3 + f**2 + 3*f - 4. Let x be c(o). Calculate the greatest common factor of 58 and x.
58
Suppose -84 = -2*j - 3*j - z, -3*z = -12. Let t be 0 + 1 - (-6 - 2073)/(-9). Let o = t - -294. Calculate the highest common divisor of j and o.
16
Let o be 1050/200 + (-2)/8. Calculate the highest common divisor of o and 955.
5
Suppose 1454*y + 320 = 1458*y. Let p be (-12)/(((-42)/4)/7). Calculate the highest common divisor of p and y.
8
Suppose 153 = -91*g + 244*g. Calculate the highest common divisor of g and 125.
1
Let u(b) = -b**3 + 16*b**2 - 28*b - 7. Let n be u(14). Let i be (-4)/n - (-50847)/357. Calculate the highest common factor of 39 and i.
13
Let v = 26371 + -26278. Calculate the greatest common divisor of 37293 and v.
93
Let v be 36*((-55)/20 - -3) + -6. Suppose -8*y + v*y = -3*d + 105, 3*d = 2*y + 105. What is the highest common factor of 140 and d?
35
Let g(d) = d**3 + 5*d**2 - 26*d + 13. Let i be g(-11). Let v = i - -492. Calculate the highest common divisor of 117 and v.
13
Suppose -5*j = -50 - 150. Suppose -780 = -7*z - 556. What is the highest common factor of j and z?
8
Let t be (-60)/(3 - -9) - -962. Calculate the highest common factor of 6 and t.
3
Let k = 33818 - 33789. Let y be 12*46 + (-4 - -3). What is the highest common factor of k and y?
29
Suppose -3*o - 1 = g, -17 = -o - 14*g + 18*g. Let s be o*-39*(-5)/((-30)/(-8)). What is the greatest common divisor of 26 and s?
26
Suppose -1 = -3*t + 29. Let k(d) = -13*d + 75. Let f be (10/8)/(17/4 + -4). Let x be k(f). What is the greatest common divisor of t and x?
10
Suppose c = 30*a - 35*a + 214, 5*c + 2*a - 1162 = 0. Calculate the highest common divisor of c and 1352.
26
Suppose -13*p = -5*v - 18*p + 2690, -1086 = -2*v + 3*p. Suppose -11*n - 7*n = -v. Calculate the greatest common factor of n and 6.
6
Let z(a) = 10*a + 268. Let b be z(-9). What is the greatest common divisor of 5518 and b?
178
Let n be (-18)/63 + 1188/42. Let a(g) = -g**2 + 57*g - 36. Let x be a(n). What is the highest common factor of x and 97?
97
Suppose 6 = 2*k, 874 = -4*x + 2*k - 544. Suppose -42*t = 14*t + 105336. Let z be (-1)/((-10)/(-55) - x/t). Calculate the highest common factor of z and 19.
19
Suppose 56*b - 28333 = 4147. Calculate the greatest common divisor of b and 16.
4
Let b(r) = 54*r - 48. Let f be b(17). Let w = f - 869. What is the greatest common factor of w and 4?
1
Let y be (-55)/30 + 581/42. Calculate the greatest common factor of y and 52512.
12
Suppose 3*k + 0*m - 768 = 4*m, 3 = -m. Suppose 4*t - 8*t + 400 = 5*h, 4*h - 3*t - 258 = 0. Calculate the greatest common divisor of h and k.
36
Let v(x) = 77*x**2 + 6*x - 2. Let w be v(1). Let h be (-96)/(-9)*w/6. Let r(j) = j**2 - 8*j + 7. Let g be r(9). Calculate the highest common factor of g and h.
16
Let u be ((-1)/(-1))/(-3*6/216). Let a be 5/(-10) + 2*(-39)/u. Suppose -i + a*i - 30 = 0. Calculate the greatest common divisor of i and 6.
6
Let j(u) = -52*u - 7. Let q be 3/12 - 21/4. Let m be j(q). Suppose 0 = 13*y + 26*y - 897. What is the highest common factor of y and m?
23
Suppose 0 = 3*n - 4*l - 16, -3*n - l + 11 = -0*l. Let i be ((-30)/n + 3)/(12/(-384)). What is the greatest common divisor of i and 252?
36
Let u = -277 + 506. Let x = u + -165. What is the greatest common divisor of x and 4?
4
Suppose -27 - 120 = -7*d. Suppose -19 = -5*f + d. Let u be -2 - (-15 - (-1 - 0)). Calculate the highest common divisor of u and f.
4
Suppose -24*p = -28*p + 3696. Suppose -t - o = -231, -5*o + 9*o = 4*t - p. Calculate the highest common divisor of 63 and t.
21
Suppose -4*w + 273 = -y, 269 = 4*w + 9*y - 6*y. What is the highest common divisor of w and 1190?
34
Suppose -3*x + 3*k = -162, 5*x + 348*k = 343*k + 290. Calculate the greatest common factor of x and 21322.
14
Let k be ((-140)/175)/((-2)/570). What is the highest common divisor of 779 and k?
19
Suppose 7*g = 4*g + 9. Suppose 0 = g*w + 2*b - 1590, -2*w + 2*b = 3*w - 2666. What is the highest common factor of 28 and w?
28
Let v be (-85)/(-2)*((-60)/35)/(15/(-14)). What is the greatest common factor of 17510 and v?
34
Suppose -1197 = 4*n - 3*u, n + 303 = -0*u + 2*u. Let x be (n/(-3) - -2) + -1. Let q = 3 + 22. Calculate the highest common factor of q and x.
25
Suppose 3*w = -8 - 28. Let z be (w/5)/(18/(-45)). Suppose -3*y + c + 10 = 0, -y - c - z = -3*y. What is the highest common factor of 16 and y?
4
Let t(b) = 13*b**2 - 3. Let p be t(-3). Suppose 0 = -8*d + 2*d + p. Let x = d - -9. What is the highest common divisor of x and 42?
14
Suppose 3 = -12*n + 13*n + 4*t, -2*t - 9 = -3*n. Let v be -4 + 4318/4 - n/6. Calculate the highest common divisor of v and 25.
25
Let w(c) = 1345*c**3 - 3*c**2 + 2. Let u be w(1). Suppose -354 = 22*r - u. Calculate the highest common factor of 270 and r.
45
Suppose -2*h + 1459 = -5*z, 0 = 3*h + h + z - 2929. Let w = 345 + -333. What is the highest common factor of h and w?
12
Let d be (12/15)/((-2)/35). Let i = d - -15. What is the greatest common divisor of